{"id":3620,"date":"2025-02-08T15:21:43","date_gmt":"2025-02-08T15:21:43","guid":{"rendered":"https:\/\/calma-retreats.com\/?post_type=testimonios&#038;p=3620"},"modified":"2025-02-08T15:21:43","modified_gmt":"2025-02-08T15:21:43","slug":"catarina-da-ponte","status":"publish","type":"testimonios","link":"https:\/\/calma-retreats.com\/es\/testimonios\/catarina-da-ponte\/","title":{"rendered":"Catarina da Ponte"},"excerpt":{"rendered":"<p>Este retiro fue uno de los m\u00e1s poderosos en los que he participado. Entr\u00e9 muy fr\u00e1gil y sal\u00ed siendo otra persona. Siempre me sent\u00ed apoyada, acompa\u00f1ada, vista, comprendida, segura.<\/p>","protected":false},"featured_media":2329,"template":"","categorias-testimonios":[68],"class_list":["post-3620","testimonios","type-testimonios","status-publish","has-post-thumbnail","hentry","categorias-testimonios-retiro-de-silencio"],"_links":{"self":[{"href":"https:\/\/calma-retreats.com\/es\/wp-json\/wp\/v2\/testimonios\/3620","targetHints":{"allow":["GET"]}}],"collection":[{"href":"https:\/\/calma-retreats.com\/es\/wp-json\/wp\/v2\/testimonios"}],"about":[{"href":"https:\/\/calma-retreats.com\/es\/wp-json\/wp\/v2\/types\/testimonios"}],"wp:featuredmedia":[{"embeddable":true,"href":"https:\/\/calma-retreats.com\/es\/wp-json\/wp\/v2\/media\/2329"}],"wp:attachment":[{"href":"https:\/\/calma-retreats.com\/es\/wp-json\/wp\/v2\/media?parent=3620"}],"wp:term":[{"taxonomy":"categorias-testimonios","embeddable":true,"href":"https:\/\/calma-retreats.com\/es\/wp-json\/wp\/v2\/categorias-testimonios?post=3620"}],"curies":[{"name":"wp","href":"https:\/\/api.w.org\/{rel}","templated":true}]}}

<p>Este retiro fue uno de los más poderosos en los que he participado. Entré muy frágil y salí siendo otra persona. Siempre me sentí apoyada, acompañada, vista, comprendida, segura.</p>
